{"id":3900,"date":"2026-04-27T18:00:14","date_gmt":"2026-04-27T16:00:14","guid":{"rendered":"https:\/\/www.rfmlib.hu\/event\/mora-ferenc-miskolcon\/"},"modified":"2026-04-29T16:00:11","modified_gmt":"2026-04-29T14:00:11","slug":"mora-ferenc-miskolcon","status":"publish","type":"tribe_events","link":"https:\/\/www.rfmlib.hu\/de\/event\/mora-ferenc-miskolcon\/","title":{"rendered":"<p>Ferenc M\u00f3ra in Miskolc<\/p>"},"content":{"rendered":"<p>Pr\u00e4sentation von Roz\u00e1lia K\u00f3czi anl\u00e4sslich des M\u00f3ra Memorial Day<\/p>","protected":false},"excerpt":{"rendered":"<p>Pr\u00e4sentation von Roz\u00e1lia K\u00f3czi anl\u00e4sslich des M\u00f3ra Memorial Day<\/p>","protected":false},"author":9,"featured_media":3901,"template":"","meta":{"_acf_changed":false,"slim_seo":{"title":"M\u00f3ra Ferenc Miskolcon - II. R\u00e1k\u00f3czi Ferenc K\u00f6nyvt\u00e1r","description":"K&oacute;czi Roz&aacute;lia el\u0151ad&aacute;sa a M&oacute;ra-eml&eacute;knap alkalm&aacute;b&oacute;l"},"_tribe_events_status":"","_tribe_events_status_reason":"","footnotes":""},"tags":[],"tribe_events_cat":[22],"class_list":["post-3900","tribe_events","type-tribe_events","status-publish","has-post-thumbnail","hentry","tribe_events_cat-kulturalis","cat_kulturalis"],"acf":[],"meta_box":[],"_links":{"self":[{"href":"https:\/\/www.rfmlib.hu\/de\/wp-json\/wp\/v2\/tribe_events\/3900","targetHints":{"allow":["GET"]}}],"collection":[{"href":"https:\/\/www.rfmlib.hu\/de\/wp-json\/wp\/v2\/tribe_events"}],"about":[{"href":"https:\/\/www.rfmlib.hu\/de\/wp-json\/wp\/v2\/types\/tribe_events"}],"author":[{"embeddable":true,"href":"https:\/\/www.rfmlib.hu\/de\/wp-json\/wp\/v2\/users\/9"}],"version-history":[{"count":1,"href":"https:\/\/www.rfmlib.hu\/de\/wp-json\/wp\/v2\/tribe_events\/3900\/revisions"}],"predecessor-version":[{"id":3911,"href":"https:\/\/www.rfmlib.hu\/de\/wp-json\/wp\/v2\/tribe_events\/3900\/revisions\/3911"}],"wp:featuredmedia":[{"embeddable":true,"href":"https:\/\/www.rfmlib.hu\/de\/wp-json\/wp\/v2\/media\/3901"}],"wp:attachment":[{"href":"https:\/\/www.rfmlib.hu\/de\/wp-json\/wp\/v2\/media?parent=3900"}],"wp:term":[{"taxonomy":"post_tag","embeddable":true,"href":"https:\/\/www.rfmlib.hu\/de\/wp-json\/wp\/v2\/tags?post=3900"},{"taxonomy":"tribe_events_cat","embeddable":true,"href":"https:\/\/www.rfmlib.hu\/de\/wp-json\/wp\/v2\/tribe_events_cat?post=3900"}],"curies":[{"name":"wp","href":"https:\/\/api.w.org\/{rel}","templated":true}]}}

<p>Ferenc Móra in Miskolc</p>

<p>Präsentation von Rozália Kóczi anlässlich des Móra Memorial Day</p>

Móra Ferenc Miskolcon - II. Rákóczi Ferenc Könyvtár

K&oacute;czi Roz&aacute;lia előad&aacute;sa a M&oacute;ra-eml&eacute;knap alkalm&aacute;b&oacute;l
