{"id":3924,"date":"2026-04-28T13:00:11","date_gmt":"2026-04-28T11:00:11","guid":{"rendered":"https:\/\/www.rfmlib.hu\/event\/a-novella-mint-mufaj\/"},"modified":"2026-04-29T17:00:06","modified_gmt":"2026-04-29T15:00:06","slug":"a-novella-mint-mufaj","status":"publish","type":"tribe_events","link":"https:\/\/www.rfmlib.hu\/de\/event\/a-novella-mint-mufaj\/","title":{"rendered":"<p>Die Kurzgeschichte als Spezies?<\/p>"},"content":{"rendered":"<p>Die Geheimnisse des Erwachens f\u00fcr dich <br>No\u00e9mi Papp, Autor des Bandes<\/p>","protected":false},"excerpt":{"rendered":"<p>No\u00e9mi Papp, Autor des Bandes Ich w\u00fcrde wegen dir aufwachen<\/p>","protected":false},"author":9,"featured_media":3925,"template":"","meta":{"_acf_changed":false,"slim_seo":{"title":"A novella mint m\u0171faj - II. R\u00e1k\u00f3czi Ferenc K\u00f6nyvt\u00e1r","description":"A Miattad fel&eacute;bredn&eacute;k k&ouml;tet m\u0171helytitkai El\u0151ad&oacute; Papp No&eacute;mi, a k&ouml;tet szerz\u0151je"},"_tribe_events_status":"","_tribe_events_status_reason":"","footnotes":""},"tags":[],"tribe_events_cat":[22],"class_list":["post-3924","tribe_events","type-tribe_events","status-publish","has-post-thumbnail","hentry","tribe_events_cat-kulturalis","cat_kulturalis"],"acf":[],"meta_box":[],"_links":{"self":[{"href":"https:\/\/www.rfmlib.hu\/de\/wp-json\/wp\/v2\/tribe_events\/3924","targetHints":{"allow":["GET"]}}],"collection":[{"href":"https:\/\/www.rfmlib.hu\/de\/wp-json\/wp\/v2\/tribe_events"}],"about":[{"href":"https:\/\/www.rfmlib.hu\/de\/wp-json\/wp\/v2\/types\/tribe_events"}],"author":[{"embeddable":true,"href":"https:\/\/www.rfmlib.hu\/de\/wp-json\/wp\/v2\/users\/9"}],"version-history":[{"count":1,"href":"https:\/\/www.rfmlib.hu\/de\/wp-json\/wp\/v2\/tribe_events\/3924\/revisions"}],"predecessor-version":[{"id":3954,"href":"https:\/\/www.rfmlib.hu\/de\/wp-json\/wp\/v2\/tribe_events\/3924\/revisions\/3954"}],"wp:featuredmedia":[{"embeddable":true,"href":"https:\/\/www.rfmlib.hu\/de\/wp-json\/wp\/v2\/media\/3925"}],"wp:attachment":[{"href":"https:\/\/www.rfmlib.hu\/de\/wp-json\/wp\/v2\/media?parent=3924"}],"wp:term":[{"taxonomy":"post_tag","embeddable":true,"href":"https:\/\/www.rfmlib.hu\/de\/wp-json\/wp\/v2\/tags?post=3924"},{"taxonomy":"tribe_events_cat","embeddable":true,"href":"https:\/\/www.rfmlib.hu\/de\/wp-json\/wp\/v2\/tribe_events_cat?post=3924"}],"curies":[{"name":"wp","href":"https:\/\/api.w.org\/{rel}","templated":true}]}}

<p>Die Geheimnisse des Erwachens für dich <br>Noémi Papp, Autor des Bandes</p>

<p>Noémi Papp, Autor des Bandes Ich würde wegen dir aufwachen</p>

A novella mint műfaj - II. Rákóczi Ferenc Könyvtár

A Miattad fel&eacute;bredn&eacute;k k&ouml;tet műhelytitkai Előad&oacute; Papp No&eacute;mi, a k&ouml;tet szerzője
