{"id":4048,"date":"2026-04-28T17:00:11","date_gmt":"2026-04-28T15:00:11","guid":{"rendered":"https:\/\/www.rfmlib.hu\/event\/termeszet-oleleseben\/"},"modified":"2026-04-29T16:00:10","modified_gmt":"2026-04-29T14:00:10","slug":"termeszet-oleleseben","status":"publish","type":"tribe_events","link":"https:\/\/www.rfmlib.hu\/de\/event\/termeszet-oleleseben\/","title":{"rendered":"<p>In der Umarmung der Natur<\/p>"},"content":{"rendered":"<p>Er\u00f6ffnung der Ausstellung von L\u00e1szl\u00f3n\u00e9 Major, K\u00fcnstler<p>\u00d6ffnet: Frau Mikl\u00f3s Szegedi Malerin, Textilbildhauerin<\/p><p>Beteiligt an der Gitarre: J\u00e1zmin Jeviczki, Student an der Egressy B\u00e9ni \u2013 Erkel Ferenc Primary School of Art, Miskolc<\/p><p>Kannst du mich sehen?: bis zum 5. Juni<\/p><\/p>","protected":false},"excerpt":{"rendered":"<p>Er\u00f6ffnung der Ausstellung des K\u00fcnstlers L\u00e1szl\u00f3n\u00e9 Major Er\u00f6ffnung der Ausstellung: Mikl\u00f3sn\u00e9 Szegedi Maler, Textilbildhauer mit Gitarre: J\u00e1zmin Jeviczki, Student an der Egressy B\u00e9ni \u2013 Erkel Ferenc Primary School of Art, Miskolc bis zum 5. Juni<\/p>","protected":false},"author":9,"featured_media":4049,"template":"","meta":{"_acf_changed":false,"slim_seo":{"title":"Term\u00e9szet \u00f6lel\u00e9s\u00e9ben - II. R\u00e1k\u00f3czi Ferenc K\u00f6nyvt\u00e1r","description":"Major L&aacute;szl&oacute;n&eacute; amat\u0151r alkot&oacute; ki&aacute;ll&iacute;t&aacute;smegnyit&oacute;ja Megnyitja: Szegedi Mikl&oacute;sn&eacute; fest\u0151, textil"},"_tribe_events_status":"","_tribe_events_status_reason":"","footnotes":""},"tags":[],"tribe_events_cat":[22],"class_list":["post-4048","tribe_events","type-tribe_events","status-publish","has-post-thumbnail","hentry","tribe_events_cat-kulturalis","cat_kulturalis"],"acf":[],"meta_box":[],"_links":{"self":[{"href":"https:\/\/www.rfmlib.hu\/de\/wp-json\/wp\/v2\/tribe_events\/4048","targetHints":{"allow":["GET"]}}],"collection":[{"href":"https:\/\/www.rfmlib.hu\/de\/wp-json\/wp\/v2\/tribe_events"}],"about":[{"href":"https:\/\/www.rfmlib.hu\/de\/wp-json\/wp\/v2\/types\/tribe_events"}],"author":[{"embeddable":true,"href":"https:\/\/www.rfmlib.hu\/de\/wp-json\/wp\/v2\/users\/9"}],"version-history":[{"count":1,"href":"https:\/\/www.rfmlib.hu\/de\/wp-json\/wp\/v2\/tribe_events\/4048\/revisions"}],"predecessor-version":[{"id":4060,"href":"https:\/\/www.rfmlib.hu\/de\/wp-json\/wp\/v2\/tribe_events\/4048\/revisions\/4060"}],"wp:featuredmedia":[{"embeddable":true,"href":"https:\/\/www.rfmlib.hu\/de\/wp-json\/wp\/v2\/media\/4049"}],"wp:attachment":[{"href":"https:\/\/www.rfmlib.hu\/de\/wp-json\/wp\/v2\/media?parent=4048"}],"wp:term":[{"taxonomy":"post_tag","embeddable":true,"href":"https:\/\/www.rfmlib.hu\/de\/wp-json\/wp\/v2\/tags?post=4048"},{"taxonomy":"tribe_events_cat","embeddable":true,"href":"https:\/\/www.rfmlib.hu\/de\/wp-json\/wp\/v2\/tribe_events_cat?post=4048"}],"curies":[{"name":"wp","href":"https:\/\/api.w.org\/{rel}","templated":true}]}}

<p>Eröffnung der Ausstellung von Lászlóné Major, Künstler<p>Öffnet: Frau Miklós Szegedi Malerin, Textilbildhauerin</p><p>Beteiligt an der Gitarre: Jázmin Jeviczki, Student an der Egressy Béni – Erkel Ferenc Primary School of Art, Miskolc</p><p>Kannst du mich sehen?: bis zum 5. Juni</p></p>

<p>Eröffnung der Ausstellung des Künstlers Lászlóné Major Eröffnung der Ausstellung: Miklósné Szegedi Maler, Textilbildhauer mit Gitarre: Jázmin Jeviczki, Student an der Egressy Béni – Erkel Ferenc Primary School of Art, Miskolc bis zum 5. Juni</p>

Természet ölelésében - II. Rákóczi Ferenc Könyvtár

Major L&aacute;szl&oacute;n&eacute; amatőr alkot&oacute; ki&aacute;ll&iacute;t&aacute;smegnyit&oacute;ja Megnyitja: Szegedi Mikl&oacute;sn&eacute; festő, textil
