{"id":3858,"date":"2026-04-27T16:00:19","date_gmt":"2026-04-27T14:00:19","guid":{"rendered":"https:\/\/www.rfmlib.hu\/event\/angyalok\/"},"modified":"2026-04-29T17:00:07","modified_gmt":"2026-04-29T15:00:07","slug":"angyalok","status":"publish","type":"tribe_events","link":"https:\/\/www.rfmlib.hu\/en\/event\/angyalok\/","title":{"rendered":"<p>Angels<\/p>"},"content":{"rendered":"<p>Opening of the exhibition of Di\u00e1na Berta<br>The exhibition will be opened by G\u00e1bor Varga,<br>the Second Division Director of Ferenc R\u00e1k\u00f3czi Library<\/p>","protected":false},"excerpt":{"rendered":"<p>Opening of the exhibition of Di\u00e1na BertaThe exhibition will be opened by G\u00e1bor Varga at the II. Director of Ferenc R\u00e1k\u00f3czi Library<\/p>","protected":false},"author":9,"featured_media":3859,"template":"","meta":{"_acf_changed":false,"slim_seo":{"title":"Angyalok - II. R\u00e1k\u00f3czi Ferenc K\u00f6nyvt\u00e1r","description":"Berta Di&aacute;na ki&aacute;ll&iacute;t&aacute;s&aacute;nak megnyit&oacute;ja A t&aacute;rlatot megnyitja Varga G&aacute;bor, a II. R&aacute;k&oacute;czi Feren"},"_tribe_events_status":"","_tribe_events_status_reason":"","footnotes":""},"tags":[],"tribe_events_cat":[22],"class_list":["post-3858","tribe_events","type-tribe_events","status-publish","has-post-thumbnail","hentry","tribe_events_cat-kulturalis","cat_kulturalis"],"acf":[],"meta_box":[],"_links":{"self":[{"href":"https:\/\/www.rfmlib.hu\/en\/wp-json\/wp\/v2\/tribe_events\/3858","targetHints":{"allow":["GET"]}}],"collection":[{"href":"https:\/\/www.rfmlib.hu\/en\/wp-json\/wp\/v2\/tribe_events"}],"about":[{"href":"https:\/\/www.rfmlib.hu\/en\/wp-json\/wp\/v2\/types\/tribe_events"}],"author":[{"embeddable":true,"href":"https:\/\/www.rfmlib.hu\/en\/wp-json\/wp\/v2\/users\/9"}],"version-history":[{"count":1,"href":"https:\/\/www.rfmlib.hu\/en\/wp-json\/wp\/v2\/tribe_events\/3858\/revisions"}],"predecessor-version":[{"id":3884,"href":"https:\/\/www.rfmlib.hu\/en\/wp-json\/wp\/v2\/tribe_events\/3858\/revisions\/3884"}],"wp:featuredmedia":[{"embeddable":true,"href":"https:\/\/www.rfmlib.hu\/en\/wp-json\/wp\/v2\/media\/3859"}],"wp:attachment":[{"href":"https:\/\/www.rfmlib.hu\/en\/wp-json\/wp\/v2\/media?parent=3858"}],"wp:term":[{"taxonomy":"post_tag","embeddable":true,"href":"https:\/\/www.rfmlib.hu\/en\/wp-json\/wp\/v2\/tags?post=3858"},{"taxonomy":"tribe_events_cat","embeddable":true,"href":"https:\/\/www.rfmlib.hu\/en\/wp-json\/wp\/v2\/tribe_events_cat?post=3858"}],"curies":[{"name":"wp","href":"https:\/\/api.w.org\/{rel}","templated":true}]}}

<p>Opening of the exhibition of Diána Berta<br>The exhibition will be opened by Gábor Varga,<br>the Second Division Director of Ferenc Rákóczi Library</p>

<p>Opening of the exhibition of Diána BertaThe exhibition will be opened by Gábor Varga at the II. Director of Ferenc Rákóczi Library</p>

Angyalok - II. Rákóczi Ferenc Könyvtár
